{"id":3398,"date":"2023-08-25T20:50:30","date_gmt":"2023-08-25T18:50:30","guid":{"rendered":"https:\/\/caplds.cz\/?post_type=tribe_events&#038;p=3398"},"modified":"2023-08-25T20:50:30","modified_gmt":"2023-08-25T18:50:30","slug":"webinar-saf-agregace-flexibility-v-kontextu-cr","status":"publish","type":"tribe_events","link":"https:\/\/caplds.cz\/index.php\/event\/webinar-saf-agregace-flexibility-v-kontextu-cr\/","title":{"rendered":"webin\u00e1\u0159 SAF: Agregace flexibility v&nbsp;kontextu \u010cR"},"content":{"rendered":"<p>Sdru\u017een\u00ed agreg\u00e1tor\u016f a poskytovatel\u016f flexibility (SAF) p\u016fsob\u00edc\u00ed pod asociac\u00ed AKU-BAT, po\u0159\u00e1d\u00e1<br data-rich-text-line-break=\"true\" \/><strong>2.&nbsp;\u0159\u00edjna od 13 hod online<\/strong> <strong>webin\u00e1\u0159 <\/strong>\u201e<strong>Agregace flexibility v&nbsp;kontextu \u010cR<\/strong>&#8222;. Moder\u00e1torem webin\u00e1\u0159e bude Jan Fousek, \u0159editel AKU-BAT. \u00da\u010dast na webin\u00e1\u0159i je <strong>zdarma<\/strong>.\u00a0<br data-rich-text-line-break=\"true\" \/><br data-rich-text-line-break=\"true\" \/><strong data-rich-text-format-boundary=\"true\">P\u0159ihl\u00e1\u0161ku a program webin\u00e1\u0159e naleznete\u00a0<a href=\"https:\/\/akubat-asociace.us18.list-manage.com\/track\/click?u=e376ae731a812dd6aed0dd0ca&amp;id=b6a403e709&amp;e=8e6ab7161f\" target=\"_blank\" rel=\"noreferrer noopener\">ZDE<\/a>.\u00a0<\/strong><\/p>\n","protected":false},"excerpt":{"rendered":"<p>Sdru\u017een\u00ed agreg\u00e1tor\u016f a poskytovatel\u016f flexibility (SAF) p\u016fsob\u00edc\u00ed pod asociac\u00ed AKU-BAT, po\u0159\u00e1d\u00e12.&nbsp;\u0159\u00edjna od 13 hod online webin\u00e1\u0159 \u201eAgregace flexibility v&nbsp;kontextu \u010cR&#8222;. Moder\u00e1torem webin\u00e1\u0159e bude Jan Fousek, \u0159editel AKU-BAT. \u00da\u010dast na webin\u00e1\u0159i&#8230;<\/p>\n","protected":false},"author":2,"featured_media":0,"template":"","meta":{"_bbp_topic_count":0,"_bbp_reply_count":0,"_bbp_total_topic_count":0,"_bbp_total_reply_count":0,"_bbp_voice_count":0,"_bbp_anonymous_reply_count":0,"_bbp_topic_count_hidden":0,"_bbp_reply_count_hidden":0,"_bbp_forum_subforum_count":0,"_tribe_events_status":"","_tribe_events_status_reason":"","footnotes":""},"tags":[],"tribe_events_cat":[],"class_list":["post-3398","tribe_events","type-tribe_events","status-publish","hentry","entry"],"yoast_head":"<!-- This site is optimized with the Yoast SEO plugin v27.4 - https:\/\/yoast.com\/product\/yoast-seo-wordpress\/ -->\n<title>webin\u00e1\u0159 SAF: Agregace flexibility v kontextu \u010cR - \u010cesk\u00e1 asociace provozovatel\u016f LDS<\/title>\n<meta name=\"robots\" content=\"index, follow, max-snippet:-1, max-image-preview:large, max-video-preview:-1\" \/>\n<link rel=\"canonical\" href=\"https:\/\/caplds.cz\/index.php\/event\/webinar-saf-agregace-flexibility-v-kontextu-cr\/\" \/>\n<meta property=\"og:locale\" content=\"cs_CZ\" \/>\n<meta property=\"og:type\" content=\"article\" \/>\n<meta property=\"og:title\" content=\"webin\u00e1\u0159 SAF: Agregace flexibility v kontextu \u010cR - \u010cesk\u00e1 asociace provozovatel\u016f LDS\" \/>\n<meta property=\"og:description\" content=\"Sdru\u017een\u00ed agreg\u00e1tor\u016f a poskytovatel\u016f flexibility (SAF) p\u016fsob\u00edc\u00ed pod asociac\u00ed AKU-BAT, po\u0159\u00e1d\u00e12.&nbsp;\u0159\u00edjna od 13 hod online webin\u00e1\u0159 \u201eAgregace flexibility v&nbsp;kontextu \u010cR&#8222;. Moder\u00e1torem webin\u00e1\u0159e bude Jan Fousek, \u0159editel AKU-BAT. \u00da\u010dast na webin\u00e1\u0159i&#8230;\" \/>\n<meta property=\"og:url\" content=\"https:\/\/caplds.cz\/index.php\/event\/webinar-saf-agregace-flexibility-v-kontextu-cr\/\" \/>\n<meta property=\"og:site_name\" content=\"\u010cesk\u00e1 asociace provozovatel\u016f LDS\" \/>\n<meta name=\"twitter:card\" content=\"summary_large_image\" \/>\n<meta name=\"twitter:label1\" content=\"Odhadovan\u00e1 doba \u010dten\u00ed\" \/>\n\t<meta name=\"twitter:data1\" content=\"1 minuta\" \/>\n<script type=\"application\/ld+json\" class=\"yoast-schema-graph\">{\"@context\":\"https:\\\/\\\/schema.org\",\"@graph\":[{\"@type\":\"WebPage\",\"@id\":\"https:\\\/\\\/caplds.cz\\\/index.php\\\/event\\\/webinar-saf-agregace-flexibility-v-kontextu-cr\\\/\",\"url\":\"https:\\\/\\\/caplds.cz\\\/index.php\\\/event\\\/webinar-saf-agregace-flexibility-v-kontextu-cr\\\/\",\"name\":\"webin\u00e1\u0159 SAF: Agregace flexibility v kontextu \u010cR - \u010cesk\u00e1 asociace provozovatel\u016f LDS\",\"isPartOf\":{\"@id\":\"https:\\\/\\\/caplds.cz\\\/#website\"},\"datePublished\":\"2023-08-25T18:50:30+00:00\",\"breadcrumb\":{\"@id\":\"https:\\\/\\\/caplds.cz\\\/index.php\\\/event\\\/webinar-saf-agregace-flexibility-v-kontextu-cr\\\/#breadcrumb\"},\"inLanguage\":\"cs\",\"potentialAction\":[{\"@type\":\"ReadAction\",\"target\":[\"https:\\\/\\\/caplds.cz\\\/index.php\\\/event\\\/webinar-saf-agregace-flexibility-v-kontextu-cr\\\/\"]}]},{\"@type\":\"BreadcrumbList\",\"@id\":\"https:\\\/\\\/caplds.cz\\\/index.php\\\/event\\\/webinar-saf-agregace-flexibility-v-kontextu-cr\\\/#breadcrumb\",\"itemListElement\":[{\"@type\":\"ListItem\",\"position\":1,\"name\":\"Dom\u016f\",\"item\":\"https:\\\/\\\/caplds.cz\\\/\"},{\"@type\":\"ListItem\",\"position\":2,\"name\":\"Akce\",\"item\":\"https:\\\/\\\/caplds.cz\\\/index.php\\\/events\\\/\"},{\"@type\":\"ListItem\",\"position\":3,\"name\":\"webin\u00e1\u0159 SAF: Agregace flexibility v&nbsp;kontextu \u010cR\"}]},{\"@type\":\"WebSite\",\"@id\":\"https:\\\/\\\/caplds.cz\\\/#website\",\"url\":\"https:\\\/\\\/caplds.cz\\\/\",\"name\":\"\u010cesk\u00e1 asociace provozovatel\u016f LDS\",\"description\":\"\",\"publisher\":{\"@id\":\"https:\\\/\\\/caplds.cz\\\/#organization\"},\"potentialAction\":[{\"@type\":\"SearchAction\",\"target\":{\"@type\":\"EntryPoint\",\"urlTemplate\":\"https:\\\/\\\/caplds.cz\\\/?s={search_term_string}\"},\"query-input\":{\"@type\":\"PropertyValueSpecification\",\"valueRequired\":true,\"valueName\":\"search_term_string\"}}],\"inLanguage\":\"cs\"},{\"@type\":\"Organization\",\"@id\":\"https:\\\/\\\/caplds.cz\\\/#organization\",\"name\":\"\u010cesk\u00e1 asociace provozovatel\u016f LDS\",\"url\":\"https:\\\/\\\/caplds.cz\\\/\",\"logo\":{\"@type\":\"ImageObject\",\"inLanguage\":\"cs\",\"@id\":\"https:\\\/\\\/caplds.cz\\\/#\\\/schema\\\/logo\\\/image\\\/\",\"url\":\"https:\\\/\\\/caplds.cz\\\/wp-content\\\/uploads\\\/2020\\\/06\\\/logom.png\",\"contentUrl\":\"https:\\\/\\\/caplds.cz\\\/wp-content\\\/uploads\\\/2020\\\/06\\\/logom.png\",\"width\":146,\"height\":48,\"caption\":\"\u010cesk\u00e1 asociace provozovatel\u016f LDS\"},\"image\":{\"@id\":\"https:\\\/\\\/caplds.cz\\\/#\\\/schema\\\/logo\\\/image\\\/\"}}]}<\/script>\n<!-- \/ Yoast SEO plugin. -->","yoast_head_json":{"title":"webin\u00e1\u0159 SAF: Agregace flexibility v kontextu \u010cR - \u010cesk\u00e1 asociace provozovatel\u016f LDS","robots":{"index":"index","follow":"follow","max-snippet":"max-snippet:-1","max-image-preview":"max-image-preview:large","max-video-preview":"max-video-preview:-1"},"canonical":"https:\/\/caplds.cz\/index.php\/event\/webinar-saf-agregace-flexibility-v-kontextu-cr\/","og_locale":"cs_CZ","og_type":"article","og_title":"webin\u00e1\u0159 SAF: Agregace flexibility v kontextu \u010cR - \u010cesk\u00e1 asociace provozovatel\u016f LDS","og_description":"Sdru\u017een\u00ed agreg\u00e1tor\u016f a poskytovatel\u016f flexibility (SAF) p\u016fsob\u00edc\u00ed pod asociac\u00ed AKU-BAT, po\u0159\u00e1d\u00e12.&nbsp;\u0159\u00edjna od 13 hod online webin\u00e1\u0159 \u201eAgregace flexibility v&nbsp;kontextu \u010cR&#8222;. Moder\u00e1torem webin\u00e1\u0159e bude Jan Fousek, \u0159editel AKU-BAT. \u00da\u010dast na webin\u00e1\u0159i&#8230;","og_url":"https:\/\/caplds.cz\/index.php\/event\/webinar-saf-agregace-flexibility-v-kontextu-cr\/","og_site_name":"\u010cesk\u00e1 asociace provozovatel\u016f LDS","twitter_card":"summary_large_image","twitter_misc":{"Odhadovan\u00e1 doba \u010dten\u00ed":"1 minuta"},"schema":{"@context":"https:\/\/schema.org","@graph":[{"@type":"WebPage","@id":"https:\/\/caplds.cz\/index.php\/event\/webinar-saf-agregace-flexibility-v-kontextu-cr\/","url":"https:\/\/caplds.cz\/index.php\/event\/webinar-saf-agregace-flexibility-v-kontextu-cr\/","name":"webin\u00e1\u0159 SAF: Agregace flexibility v kontextu \u010cR - \u010cesk\u00e1 asociace provozovatel\u016f LDS","isPartOf":{"@id":"https:\/\/caplds.cz\/#website"},"datePublished":"2023-08-25T18:50:30+00:00","breadcrumb":{"@id":"https:\/\/caplds.cz\/index.php\/event\/webinar-saf-agregace-flexibility-v-kontextu-cr\/#breadcrumb"},"inLanguage":"cs","potentialAction":[{"@type":"ReadAction","target":["https:\/\/caplds.cz\/index.php\/event\/webinar-saf-agregace-flexibility-v-kontextu-cr\/"]}]},{"@type":"BreadcrumbList","@id":"https:\/\/caplds.cz\/index.php\/event\/webinar-saf-agregace-flexibility-v-kontextu-cr\/#breadcrumb","itemListElement":[{"@type":"ListItem","position":1,"name":"Dom\u016f","item":"https:\/\/caplds.cz\/"},{"@type":"ListItem","position":2,"name":"Akce","item":"https:\/\/caplds.cz\/index.php\/events\/"},{"@type":"ListItem","position":3,"name":"webin\u00e1\u0159 SAF: Agregace flexibility v&nbsp;kontextu \u010cR"}]},{"@type":"WebSite","@id":"https:\/\/caplds.cz\/#website","url":"https:\/\/caplds.cz\/","name":"\u010cesk\u00e1 asociace provozovatel\u016f LDS","description":"","publisher":{"@id":"https:\/\/caplds.cz\/#organization"},"potentialAction":[{"@type":"SearchAction","target":{"@type":"EntryPoint","urlTemplate":"https:\/\/caplds.cz\/?s={search_term_string}"},"query-input":{"@type":"PropertyValueSpecification","valueRequired":true,"valueName":"search_term_string"}}],"inLanguage":"cs"},{"@type":"Organization","@id":"https:\/\/caplds.cz\/#organization","name":"\u010cesk\u00e1 asociace provozovatel\u016f LDS","url":"https:\/\/caplds.cz\/","logo":{"@type":"ImageObject","inLanguage":"cs","@id":"https:\/\/caplds.cz\/#\/schema\/logo\/image\/","url":"https:\/\/caplds.cz\/wp-content\/uploads\/2020\/06\/logom.png","contentUrl":"https:\/\/caplds.cz\/wp-content\/uploads\/2020\/06\/logom.png","width":146,"height":48,"caption":"\u010cesk\u00e1 asociace provozovatel\u016f LDS"},"image":{"@id":"https:\/\/caplds.cz\/#\/schema\/logo\/image\/"}}]}},"_links":{"self":[{"href":"https:\/\/caplds.cz\/index.php\/wp-json\/wp\/v2\/tribe_events\/3398","targetHints":{"allow":["GET"]}}],"collection":[{"href":"https:\/\/caplds.cz\/index.php\/wp-json\/wp\/v2\/tribe_events"}],"about":[{"href":"https:\/\/caplds.cz\/index.php\/wp-json\/wp\/v2\/types\/tribe_events"}],"author":[{"embeddable":true,"href":"https:\/\/caplds.cz\/index.php\/wp-json\/wp\/v2\/users\/2"}],"version-history":[{"count":1,"href":"https:\/\/caplds.cz\/index.php\/wp-json\/wp\/v2\/tribe_events\/3398\/revisions"}],"predecessor-version":[{"id":3399,"href":"https:\/\/caplds.cz\/index.php\/wp-json\/wp\/v2\/tribe_events\/3398\/revisions\/3399"}],"wp:attachment":[{"href":"https:\/\/caplds.cz\/index.php\/wp-json\/wp\/v2\/media?parent=3398"}],"wp:term":[{"taxonomy":"post_tag","embeddable":true,"href":"https:\/\/caplds.cz\/index.php\/wp-json\/wp\/v2\/tags?post=3398"},{"taxonomy":"tribe_events_cat","embeddable":true,"href":"https:\/\/caplds.cz\/index.php\/wp-json\/wp\/v2\/tribe_events_cat?post=3398"}],"curies":[{"name":"wp","href":"https:\/\/api.w.org\/{rel}","templated":true}]}}

webinář SAF: Agregace flexibility v&nbsp;kontextu ČR

<p>Sdružení agregátorů a poskytovatelů flexibility (SAF) působící pod asociací AKU-BAT, pořádá<br data-rich-text-line-break="true" /><strong>2.&nbsp;října od 13 hod online</strong> <strong>webinář </strong>„<strong>Agregace flexibility v&nbsp;kontextu ČR</strong>&#8222;. Moderátorem webináře bude Jan Fousek, ředitel AKU-BAT. Účast na webináři je <strong>zdarma</strong>. <br data-rich-text-line-break="true" /><br data-rich-text-line-break="true" /><strong data-rich-text-format-boundary="true">Přihlášku a program webináře naleznete <a href="https://akubat-asociace.us18.list-manage.com/track/click?u=e376ae731a812dd6aed0dd0ca&amp;id=b6a403e709&amp;e=8e6ab7161f" target="_blank" rel="noreferrer noopener">ZDE</a>. </strong></p>

<p>Sdružení agregátorů a poskytovatelů flexibility (SAF) působící pod asociací AKU-BAT, pořádá2.&nbsp;října od 13 hod online webinář „Agregace flexibility v&nbsp;kontextu ČR&#8222;. Moderátorem webináře bude Jan Fousek, ředitel AKU-BAT. Účast na webináři&#8230;</p>

<!-- This site is optimized with the Yoast SEO plugin v27.4 - https://yoast.com/product/yoast-seo-wordpress/ -->
<title>webinář SAF: Agregace flexibility v kontextu ČR - Česká asociace provozovatelů LDS</title>
<meta name="robots" content="index, follow, max-snippet:-1, max-image-preview:large, max-video-preview:-1" />
<link rel="canonical" href="https://caplds.cz/index.php/event/webinar-saf-agregace-flexibility-v-kontextu-cr/" />
<meta property="og:locale" content="cs_CZ" />
<meta property="og:type" content="article" />
<meta property="og:title" content="webinář SAF: Agregace flexibility v kontextu ČR - Česká asociace provozovatelů LDS" />
<meta property="og:description" content="Sdružení agregátorů a poskytovatelů flexibility (SAF) působící pod asociací AKU-BAT, pořádá2.&nbsp;října od 13 hod online webinář „Agregace flexibility v&nbsp;kontextu ČR&#8222;. Moderátorem webináře bude Jan Fousek, ředitel AKU-BAT. Účast na webináři&#8230;" />
<meta property="og:url" content="https://caplds.cz/index.php/event/webinar-saf-agregace-flexibility-v-kontextu-cr/" />
<meta property="og:site_name" content="Česká asociace provozovatelů LDS" />
<meta name="twitter:card" content="summary_large_image" />
<meta name="twitter:label1" content="Odhadovaná doba čtení" />
	<meta name="twitter:data1" content="1 minuta" />
<script type="application/ld+json" class="yoast-schema-graph">{"@context":"https:\/\/schema.org","@graph":[{"@type":"WebPage","@id":"https:\/\/caplds.cz\/index.php\/event\/webinar-saf-agregace-flexibility-v-kontextu-cr\/","url":"https:\/\/caplds.cz\/index.php\/event\/webinar-saf-agregace-flexibility-v-kontextu-cr\/","name":"webinář SAF: Agregace flexibility v kontextu ČR - Česká asociace provozovatelů LDS","isPartOf":{"@id":"https:\/\/caplds.cz\/#website"},"datePublished":"2023-08-25T18:50:30+00:00","breadcrumb":{"@id":"https:\/\/caplds.cz\/index.php\/event\/webinar-saf-agregace-flexibility-v-kontextu-cr\/#breadcrumb"},"inLanguage":"cs","potentialAction":[{"@type":"ReadAction","target":["https:\/\/caplds.cz\/index.php\/event\/webinar-saf-agregace-flexibility-v-kontextu-cr\/"]}]},{"@type":"BreadcrumbList","@id":"https:\/\/caplds.cz\/index.php\/event\/webinar-saf-agregace-flexibility-v-kontextu-cr\/#breadcrumb","itemListElement":[{"@type":"ListItem","position":1,"name":"Domů","item":"https:\/\/caplds.cz\/"},{"@type":"ListItem","position":2,"name":"Akce","item":"https:\/\/caplds.cz\/index.php\/events\/"},{"@type":"ListItem","position":3,"name":"webinář SAF: Agregace flexibility v&nbsp;kontextu ČR"}]},{"@type":"WebSite","@id":"https:\/\/caplds.cz\/#website","url":"https:\/\/caplds.cz\/","name":"Česká asociace provozovatelů LDS","description":"","publisher":{"@id":"https:\/\/caplds.cz\/#organization"},"potentialAction":[{"@type":"SearchAction","target":{"@type":"EntryPoint","urlTemplate":"https:\/\/caplds.cz\/?s={search_term_string}"},"query-input":{"@type":"PropertyValueSpecification","valueRequired":true,"valueName":"search_term_string"}}],"inLanguage":"cs"},{"@type":"Organization","@id":"https:\/\/caplds.cz\/#organization","name":"Česká asociace provozovatelů LDS","url":"https:\/\/caplds.cz\/","logo":{"@type":"ImageObject","inLanguage":"cs","@id":"https:\/\/caplds.cz\/#\/schema\/logo\/image\/","url":"https:\/\/caplds.cz\/wp-content\/uploads\/2020\/06\/logom.png","contentUrl":"https:\/\/caplds.cz\/wp-content\/uploads\/2020\/06\/logom.png","width":146,"height":48,"caption":"Česká asociace provozovatelů LDS"},"image":{"@id":"https:\/\/caplds.cz\/#\/schema\/logo\/image\/"}}]}</script>
<!-- / Yoast SEO plugin. -->

webinář SAF: Agregace flexibility v kontextu ČR - Česká asociace provozovatelů LDS

Sdružení agregátorů a poskytovatelů flexibility (SAF) působící pod asociací AKU-BAT, pořádá2.&nbsp;října od 13 hod online webinář „Agregace flexibility v&nbsp;kontextu ČR&#8222;. Moderátorem webináře bude Jan Fousek, ředitel AKU-BAT. Účast na webináři&#8230;

Česká asociace provozovatelů LDS

Domů
